{"id":30,"date":"2024-03-17T15:32:02","date_gmt":"2024-03-17T15:32:02","guid":{"rendered":"https:\/\/www.magnoli.sk\/?page_id=30"},"modified":"2024-03-17T15:32:02","modified_gmt":"2024-03-17T15:32:02","slug":"ochrana-osobnych-udajov","status":"publish","type":"page","link":"https:\/\/www.magnoli.sk\/index.php\/ochrana-osobnych-udajov\/","title":{"rendered":"Ochrana Osobn\u00fdch \u00dadajov"},"content":{"rendered":"<p>[et_pb_section fb_built=&#8220;1&#8243; custom_padding_last_edited=&#8220;on|desktop&#8220; _builder_version=&#8220;4.16&#8243; _module_preset=&#8220;default&#8220; custom_padding=&#8220;0px||0px||true|false&#8220; custom_padding_tablet=&#8220;&#8220; custom_padding_phone=&#8220;&#8220; locked=&#8220;off&#8220; global_colors_info=&#8220;{}&#8220; theme_builder_area=&#8220;post_content&#8220;][et_pb_row column_structure=&#8220;3_5,2_5&#8243; use_custom_gutter=&#8220;on&#8220; gutter_width=&#8220;1&#8243; make_equal=&#8220;on&#8220; _builder_version=&#8220;4.16&#8243; _module_preset=&#8220;default&#8220; width=&#8220;100%&#8220; max_width=&#8220;none&#8220; custom_padding=&#8220;0px||0px||false|false&#8220; custom_css_main_element=&#8220;align-items:center&#8220; global_colors_info=&#8220;{}&#8220; theme_builder_area=&#8220;post_content&#8220;][et_pb_column type=&#8220;3_5&#8243; _builder_version=&#8220;4.16&#8243; _module_preset=&#8220;default&#8220; z_index=&#8220;10&#8243; custom_padding=&#8220;|||8vw|true|false&#8220; custom_padding_tablet=&#8220;6vh||6vh|6vw|true|false&#8220; custom_padding_phone=&#8220;5vh|20px|5vh|20px|true|true&#8220; custom_padding_last_edited=&#8220;on|phone&#8220; global_colors_info=&#8220;{}&#8220; theme_builder_area=&#8220;post_content&#8220;][et_pb_text module_class=&#8220;hero_titles&#8220; _builder_version=&#8220;4.19.4&#8243; _module_preset=&#8220;default&#8220; header_font=&#8220;|600||on|||||&#8220; header_text_color=&#8220;#000000&#8243; header_font_size=&#8220;6vw&#8220; header_line_height=&#8220;1.1em&#8220; header_3_font=&#8220;|600|||||||&#8220; header_3_text_color=&#8220;#efac62&#8243; header_3_font_size=&#8220;6vw&#8220; header_font_size_tablet=&#8220;152px&#8220; header_font_size_phone=&#8220;47px&#8220; header_font_size_last_edited=&#8220;on|phone&#8220; header_3_font_size_tablet=&#8220;90px&#8220; header_3_font_size_phone=&#8220;50px&#8220; header_3_font_size_last_edited=&#8220;on|tablet&#8220; header_text_shadow_style=&#8220;preset2&#8243; header_3_text_shadow_style=&#8220;preset2&#8243; global_colors_info=&#8220;{}&#8220; theme_builder_area=&#8220;post_content&#8220;]<\/p>\n<h3>Ochrana<\/h3>\n<h1>OSOBN\u00ddCH \u00daDAJOV<\/h1>\n<p>[\/et_pb_text][\/et_pb_column][et_pb_column type=&#8220;2_5&#8243; _builder_version=&#8220;4.16&#8243; _module_preset=&#8220;default&#8220; global_colors_info=&#8220;{}&#8220; theme_builder_area=&#8220;post_content&#8220;][et_pb_image src=&#8220;https:\/\/www.magnoli.sk\/wp-content\/uploads\/2024\/03\/magnoli-pizza-front-2500&#215;1667-2000-\u00d7-875-px-4.jpg&#8220; title_text=&#8220;magnoli pizza front 2500&#215;1667 (2000 \u00d7 875 px)-4&#8243; _builder_version=&#8220;4.19.4&#8243; _module_preset=&#8220;default&#8220; custom_margin=&#8220;|||-30vw|false|false&#8220; custom_margin_tablet=&#8220;|||0vw|false|false&#8220; custom_margin_phone=&#8220;&#8220; custom_margin_last_edited=&#8220;on|phone&#8220; global_colors_info=&#8220;{}&#8220; theme_builder_area=&#8220;post_content&#8220;][\/et_pb_image][\/et_pb_column][\/et_pb_row][\/et_pb_section][et_pb_section fb_built=&#8220;1&#8243; _builder_version=&#8220;4.16&#8243; _module_preset=&#8220;default&#8220; global_colors_info=&#8220;{}&#8220; theme_builder_area=&#8220;post_content&#8220;][et_pb_row custom_padding_last_edited=&#8220;on|phone&#8220; _builder_version=&#8220;4.16&#8243; _module_preset=&#8220;default&#8220; custom_padding=&#8220;50px||||false|false&#8220; custom_padding_tablet=&#8220;&#8220; custom_padding_phone=&#8220;30px||30px||true|false&#8220; global_colors_info=&#8220;{}&#8220; theme_builder_area=&#8220;post_content&#8220;][et_pb_column type=&#8220;4_4&#8243; _builder_version=&#8220;4.16&#8243; _module_preset=&#8220;default&#8220; global_colors_info=&#8220;{}&#8220; theme_builder_area=&#8220;post_content&#8220;][et_pb_text _builder_version=&#8220;4.19.4&#8243; _module_preset=&#8220;default&#8220; text_font=&#8220;|||on|||||&#8220; text_text_color=&#8220;#efac62&#8243; text_letter_spacing=&#8220;0.28em&#8220; text_orientation=&#8220;center&#8220; custom_margin=&#8220;||0px||false|false&#8220; global_colors_info=&#8220;{}&#8220; theme_builder_area=&#8220;post_content&#8220;]<\/p>\n<p>OCHRANA OSOBN\u00ddCH \u00daDAJOV<\/p>\n<p>[\/et_pb_text][\/et_pb_column][\/et_pb_row][et_pb_row _builder_version=&#8220;4.16&#8243; max_width=&#8220;1640px&#8220; global_colors_info=&#8220;{}&#8220; theme_builder_area=&#8220;post_content&#8220;][et_pb_column type=&#8220;4_4&#8243; _builder_version=&#8220;4.16&#8243; custom_padding=&#8220;|||&#8220; global_colors_info=&#8220;{}&#8220; custom_padding__hover=&#8220;|||&#8220; theme_builder_area=&#8220;post_content&#8220;][et_pb_text _builder_version=&#8220;4.19.4&#8243; _module_preset=&#8220;default&#8220; text_font_size=&#8220;19px&#8220; text_orientation=&#8220;center&#8220; locked=&#8220;off&#8220; global_colors_info=&#8220;{}&#8220; theme_builder_area=&#8220;post_content&#8220;]<\/p>\n<p style=\"text-align: left;\"><strong>Inform\u00e1cie o\u00a0sprac\u00favan\u00ed osobn\u00fdch \u00fadajov<\/strong><\/p>\n<ol style=\"text-align: left;\">\n<li><strong>Toto\u017enos\u0165 a\u00a0kontaktn\u00e9 \u00fadaje prev\u00e1dzkovate\u013ea<\/strong><\/li>\n<\/ol>\n<p style=\"text-align: left;\"><strong><span class=\"name-holder\"><span>PAVIJAL s.r.o.<\/span><\/span><span>\u00a0<\/span>, <span>Sl\u00e1dkovi\u010dova 4, 974 05 Bansk\u00e1 Bystrica<\/span><\/strong><strong><br \/>I\u010cO: <span>45900965<\/span><span>\u00a0<\/span>DI\u010c: <span>2023123938<\/span><span>\u00a0I\u010c DPH: SK2023123938<\/span><\/strong><strong><\/strong><\/p>\n<p style=\"text-align: left;\"><strong>e-mail: <\/strong><strong><a href=\"mailto:magnoli@magnoli.sk\">magnoli@magnoli.sk<\/a><\/strong><strong><br \/>tel.: +421 918 990 639<br \/>web: <\/strong><strong><a href=\"http:\/\/www.magnoli.sk\/\">www.magnoli.sk<\/a><\/strong><\/p>\n<ol start=\"2\" style=\"text-align: left;\">\n<li><strong>\u00da\u010del sprac\u00favania osobn\u00fdch \u00fadajov a\u00a0pr\u00e1vny z\u00e1klad<\/strong><\/li>\n<\/ol>\n<ul style=\"text-align: left;\">\n<li>\u00da\u010delom spracovania Va\u0161ich osobn\u00fdch \u00fadajov je online objednanie sa\/ rezervovanie term\u00ednu za \u00fa\u010delom podst\u00fapenia Vami vybran\u00e9ho o\u0161etrenia.<\/li>\n<li>\u00da\u010delom sprac\u00favania s\u00fa aj marketingov\u00e9 \u00fa\u010dely (marketingov\u00e9 oslovovanie \u2013 priamy marketing) t.\u00a0j. poskytovanie komplexn\u00fdch inform\u00e1cii o na\u0161ich\u00a0produktoch a slu\u017eb\u00e1ch, zasielanie noviniek, a to elektronick\u00fdmi prostriedkami \u2013 newsletter.<\/li>\n<\/ul>\n<p style=\"text-align: left;\">Pr\u00e1vny z\u00e1kladom sprac\u00favania na uveden\u00e9 \u00fa\u010dely s\u00fa <strong>s\u00fahlas dotknutej osoby.<\/strong><\/p>\n<ol start=\"3\" style=\"text-align: left;\">\n<li><strong>Pr\u00edjemcovia alebo kateg\u00f3rie pr\u00edjemcov osobn\u00fdch \u00fadajov<\/strong><\/li>\n<\/ol>\n<ul style=\"text-align: left;\">\n<li><strong><span>PAVIJAL s.r.o.<\/span>, <\/strong>so s\u00eddlom<strong> <span>Sl\u00e1dkovi\u010dova 4, 974 05 Bansk\u00e1 Bystrica<\/span><\/strong><\/li>\n<\/ul>\n<ol start=\"4\" style=\"text-align: left;\">\n<li><strong>Doba uchov\u00e1vania osobn\u00fdch \u00fadajov<\/strong><\/li>\n<\/ol>\n<p style=\"text-align: left;\">Doba uchov\u00e1vania osobn\u00fdch \u00fadajov je osem (8) rokov odo d\u0148a udelenia s\u00fahlasu (ak povinnos\u0165 uchov\u00e1va\u0165 Va\u0161e osobn\u00e9 \u00fadaje po dlh\u0161iu dobu nevypl\u00fdva zo v\u0161eobecne z\u00e1v\u00e4zn\u00fdch pr\u00e1vnych predpisov) alebo do odvolania s\u00fahlasu.<\/p>\n<ol start=\"5\" style=\"text-align: left;\">\n<li><strong>Inform\u00e1cia o\u00a0pr\u00e1vach dotknut\u00fdch os\u00f4b<\/strong><\/li>\n<\/ol>\n<p style=\"text-align: left;\">Dotknut\u00e1 osoba (osoba, ktorej osobn\u00e9 \u00fadaje sa sprac\u00favaj\u00fa) m\u00e1 pr\u00e1vo:<\/p>\n<ul style=\"text-align: left;\">\n<li><strong>na pr\u00edstup k\u00a0\u00fadajom pod\u013ea \u010dl. 15 nariadenia Eur\u00f3pskeho parlamentu a Rady (E\u00da) 2016\/679 z 27. 4. 2016<\/strong> o ochrane fyzick\u00fdch os\u00f4b pri sprac\u00favan\u00ed osobn\u00fdch \u00fadajov a o vo\u013enom pohybe tak\u00fdchto \u00fadajov, ktor\u00fdm sa zru\u0161uje smernica 95\/46\/ES (v\u0161eobecn\u00e9 nariadenie o ochrane osobn\u00fdch \u00fadajov) (v texte aj \u201e<strong>Nariadenie<\/strong>\u201c), a\u00a0to najm\u00e4 (<strong>i<\/strong>) pr\u00e1vo na potvrdenie o\u00a0tom, \u010di sa sprac\u00favaj\u00fa osobn\u00e9 \u00fadaje, ktor\u00e9 sa jej t\u00fdkaj\u00fa, a ak tomu tak je, pr\u00e1vo na pr\u00edstup k t\u00fdmto osobn\u00fdm \u00fadajom a (<strong>ii<\/strong>)\u00a0inform\u00e1cie o \u00fa\u010dele sprac\u00favania, o kateg\u00f3ri\u00e1ch dotknut\u00fdch osobn\u00fdch \u00fadajov, o pr\u00edjemcoch alebo o\u00a0kateg\u00f3ri\u00e1ch pr\u00edjemcov, ktor\u00fdm boli alebo bud\u00fa osobn\u00e9 \u00fadaje poskytnut\u00e9, najm\u00e4 pr\u00edjemcoch v tret\u00edch krajin\u00e1ch alebo medzin\u00e1rodn\u00fdch organiz\u00e1ci\u00e1ch, ak je to mo\u017en\u00e9, o predpokladanej dobe uchov\u00e1vania osobn\u00fdch \u00fadajov alebo, ak to nie je mo\u017en\u00e9, krit\u00e9ri\u00e1ch na jej ur\u010denie, o existencii pr\u00e1va po\u017eadova\u0165 od prev\u00e1dzkovate\u013ea opravu osobn\u00fdch \u00fadajov t\u00fdkaj\u00facich sa dotknutej osoby alebo ich vymazanie alebo obmedzenie sprac\u00favania, alebo pr\u00e1va namieta\u0165 proti tak\u00e9muto sprac\u00favaniu, o pr\u00e1ve poda\u0165 s\u0165a\u017enos\u0165 dozorn\u00e9mu org\u00e1nu, ak sa osobn\u00e9 \u00fadaje nez\u00edskali od dotknutej osoby, o ak\u00e9ko\u013evek dostupn\u00e9 inform\u00e1cie, pokia\u013e ide o ich zdroj, o\u00a0existencii automatizovan\u00e9ho rozhodovania vr\u00e1tane profilovania uveden\u00e9ho v \u010dl\u00e1nku 22 ods. 1 a\u00a04 Nariadenia a v t\u00fdchto pr\u00edpadoch aspo\u0148 o zmyslupln\u00e9 inform\u00e1cie o pou\u017eitom postupe, ako aj v\u00fdzname a predpokladan\u00fdch d\u00f4sledkoch tak\u00e9hoto sprac\u00favania pre dotknut\u00fa osobu, (<strong>iii<\/strong>) pr\u00e1vo by\u0165 informovan\u00e1 o primeran\u00fdch z\u00e1ruk\u00e1ch pod\u013ea \u010dl\u00e1nku 46 Nariadenia t\u00fdkaj\u00facich sa prenosu, ak sa osobn\u00e9 \u00fadaje pren\u00e1\u0161aj\u00fa do tretej krajiny alebo medzin\u00e1rodnej organiz\u00e1cii, (<strong>iv<\/strong>) pr\u00e1vo na bezplatn\u00fa k\u00f3piu osobn\u00fdch \u00fadajov, ktor\u00e9 sa sprac\u00favaj\u00fa (za ak\u00e9ko\u013evek \u010fal\u0161ie k\u00f3pie, o ktor\u00e9 dotknut\u00e1 osoba po\u017eiada, m\u00f4\u017ee prev\u00e1dzkovate\u013e \u00fa\u010dtova\u0165 primeran\u00fd poplatok zodpovedaj\u00faci administrat\u00edvnym n\u00e1kladom; ak dotknut\u00e1 osoba podala \u017eiados\u0165 elektronick\u00fdmi prostriedkami, inform\u00e1cie sa poskytn\u00fa v be\u017ene pou\u017e\u00edvanej elektronickej podobe, pokia\u013e dotknut\u00e1 osoba nepo\u017eiadala o in\u00fd sp\u00f4sob) \u2013 pr\u00e1vo z\u00edska\u0165 tak\u00fato k\u00f3piu nesmie ma\u0165 nepriazniv\u00e9 d\u00f4sledky na pr\u00e1va a slobody in\u00fdch.<\/li>\n<li><strong>na opravu osobn\u00fdch \u00fadajov<\/strong> pod\u013ea \u010dl. 16 Nariadenia, a\u00a0to bez zbyto\u010dn\u00e9ho odkladu, <strong>a\u00a0pr\u00e1vo na doplnenie ne\u00fapln\u00fdch osobn\u00fdch \u00fadajov<\/strong> pod\u013ea cit. \u010dl\u00e1nku Nariadenia, a\u00a0to aj prostredn\u00edctvom poskytnutia doplnkov\u00e9ho vyhl\u00e1senia.<\/li>\n<li><strong>na vymazanie osobn\u00fdch \u00fadajov<\/strong> (pr\u00e1vo na zabudnutie) pod\u013ea \u010dl. 17 Nariadenia, a\u00a0to bez zbyto\u010dn\u00e9ho odkladu, a\u00a0za predpokladu, \u017ee (<strong>i<\/strong>) osobn\u00e9 \u00fadaje u\u017e nie s\u00fa potrebn\u00e9 na \u00fa\u010dely, na ktor\u00e9 sa z\u00edskavali alebo inak sprac\u00favali, (<strong>ii<\/strong>) dotknut\u00e1 osoba odvol\u00e1 s\u00fahlas, na z\u00e1klade ktor\u00e9ho sa sprac\u00favanie vykon\u00e1va, pod\u013ea \u010dl\u00e1nku 6 ods. 1 p\u00edsm. a) alebo \u010dl\u00e1nku 9 ods. 2 p\u00edsm. a) Nariadenia, a ak neexistuje in\u00fd pr\u00e1vny z\u00e1klad pre sprac\u00favanie, (<strong>iii<\/strong>) dotknut\u00e1 osoba namieta vo\u010di sprac\u00favaniu pod\u013ea \u010dl\u00e1nku 21 ods. 1 Nariadenia a nepreva\u017euj\u00fa \u017eiadne opr\u00e1vnen\u00e9 d\u00f4vody na sprac\u00favanie alebo dotknut\u00e1 osoba namieta vo\u010di sprac\u00favaniu pod\u013ea \u010dl\u00e1nku 21 ods. 2 Nariadenia, (<strong>iv<\/strong>) osobn\u00e9 \u00fadaje sa sprac\u00favali nez\u00e1konne, (<strong>v<\/strong>) osobn\u00e9 \u00fadaje musia by\u0165 vymazan\u00e9, aby sa splnila z\u00e1konn\u00e1 povinnos\u0165 pod\u013ea pr\u00e1va \u00danie alebo pr\u00e1va \u010dlensk\u00e9ho \u0161t\u00e1tu, ktor\u00e9mu prev\u00e1dzkovate\u013e podlieha, (<strong>vi<\/strong>) osobn\u00e9 \u00fadaje sa z\u00edskavali v s\u00favislosti s ponukou slu\u017eieb informa\u010dnej spolo\u010dnosti pod\u013ea \u010dl\u00e1nku 8 ods. 1 Nariadenia; uveden\u00e9 sa neuplatn\u00ed, ak je sprac\u00favanie osobn\u00fdch \u00fadajov potrebn\u00e9 z\u00a0d\u00f4vodov vymedzen\u00fdch v\u00a0\u010dl\u00e1nku 17 ods. 3 Nariadenia.<\/li>\n<li><strong>na obmedzenie sprac\u00favania osobn\u00fdch \u00fadajov<\/strong> pod\u013ea \u010dl\u00e1nku 18 Nariadenia, ak (<strong>i<\/strong>) dotknut\u00e1 osoba napadne spr\u00e1vnos\u0165 osobn\u00fdch \u00fadajov, a to po\u010das obdobia umo\u017e\u0148uj\u00faceho prev\u00e1dzkovate\u013eovi overi\u0165 spr\u00e1vnos\u0165 osobn\u00fdch \u00fadajov, (<strong>ii<\/strong>) je sprac\u00favanie protiz\u00e1konn\u00e9 a dotknut\u00e1 osoba namieta proti vymazaniu osobn\u00fdch \u00fadajov a \u017eiada namiesto toho obmedzenie ich pou\u017eitia, (<strong>iii<\/strong>) prev\u00e1dzkovate\u013e u\u017e nepotrebuje osobn\u00e9 \u00fadaje na \u00fa\u010dely sprac\u00favania, ale potrebuje ich dotknut\u00e1 osoba na preuk\u00e1zanie, uplat\u0148ovanie alebo obhajovanie pr\u00e1vnych n\u00e1rokov, (<strong>iv<\/strong>) dotknut\u00e1 osoba namietala vo\u010di sprac\u00favaniu pod\u013ea \u010dl\u00e1nku 21 ods. 1 Nariadenia, a to a\u017e do overenia, \u010di opr\u00e1vnen\u00e9 d\u00f4vody na strane prev\u00e1dzkovate\u013ea preva\u017euj\u00fa nad opr\u00e1vnen\u00fdmi d\u00f4vodmi dotknutej osoby.<\/li>\n<li><strong>na prenosnos\u0165 osobn\u00fdch \u00fadajov<\/strong> pod\u013ea \u010dl\u00e1nku 20 Nariadenia \u2013 dotknut\u00e1 osoba m\u00e1 pr\u00e1vo z\u00edska\u0165 osobn\u00e9 \u00fadaje, ktor\u00e9 sa jej t\u00fdkaj\u00fa a ktor\u00e9 poskytla prev\u00e1dzkovate\u013eovi, v \u0161trukt\u00farovanom, be\u017ene pou\u017e\u00edvanom a strojovo \u010ditate\u013enom form\u00e1te a m\u00e1 pr\u00e1vo prenies\u0165 tieto \u00fadaje \u010fal\u0161iemu prev\u00e1dzkovate\u013eovi bez toho, aby jej prev\u00e1dzkovate\u013e, ktor\u00e9mu sa tieto osobn\u00e9 \u00fadaje poskytli, br\u00e1nil, (<strong>i<\/strong>) ak sa sprac\u00favanie zaklad\u00e1 na s\u00fahlase pod\u013ea \u010dl\u00e1nku 6 ods. 1 p\u00edsm. a) alebo \u010dl\u00e1nku 9 ods. 2 p\u00edsm. a) Nariadenia, alebo na zmluve pod\u013ea \u010dl\u00e1nku 6 ods. 1 p\u00edsm. b) Nariadenia, a (<strong>ii<\/strong>) ak sa sprac\u00favanie vykon\u00e1va automatizovan\u00fdmi prostriedkami.<\/li>\n<li><strong>namieta\u0165 proti sprac\u00favaniu osobn\u00fdch \u00fadajov <\/strong>pod\u013ea \u010dl\u00e1nku 21 Nariadenia \u2013 Dotknut\u00e1 osoba m\u00e1 pr\u00e1vo kedyko\u013evek namieta\u0165 z d\u00f4vodov t\u00fdkaj\u00facich sa jej konkr\u00e9tnej situ\u00e1cie proti sprac\u00favaniu osobn\u00fdch \u00fadajov, ktor\u00e9 sa jej t\u00fdka, ktor\u00e9 je vykon\u00e1van\u00e9 na z\u00e1klade \u010dl\u00e1nku 6 ods. 1 p\u00edsm. e) alebo f) Nariadenia vr\u00e1tane namietania proti profilovaniu zalo\u017een\u00e9mu na uveden\u00fdch ustanoveniach. Prev\u00e1dzkovate\u013e nesmie \u010falej sprac\u00fava\u0165 osobn\u00e9 \u00fadaje, pokia\u013e nepreuk\u00e1\u017ee nevyhnutn\u00e9 opr\u00e1vnen\u00e9 d\u00f4vody na sprac\u00favanie, ktor\u00e9 preva\u017euj\u00fa nad z\u00e1ujmami, pr\u00e1vami a slobodami dotknutej osoby, alebo d\u00f4vody na preukazovanie, uplat\u0148ovanie alebo obhajovanie pr\u00e1vnych n\u00e1rokov.<\/li>\n<\/ul>\n<p style=\"text-align: left;\"><span>Ak sa osobn\u00e9 \u00fadaje sprac\u00favaj\u00fa na \u00fa\u010dely priameho marketingu, dotknut\u00e1 osoba m\u00e1 pr\u00e1vo kedyko\u013evek namieta\u0165 proti sprac\u00favaniu osobn\u00fdch \u00fadajov, ktor\u00e9 sa jej t\u00fdka, na \u00fa\u010dely tak\u00e9hoto marketingu, vr\u00e1tane profilovania v rozsahu, v akom s\u00favis\u00ed s tak\u00fdmto priamym marketingom.<\/span><\/p>\n<ul style=\"text-align: left;\">\n<li><strong>kedyko\u013evek odvola\u0165 svoj s\u00fahlas<\/strong>, ak je sprac\u00favanie zalo\u017een\u00e9 na \u010dl. 6 ods. 1 p\u00edsm. a) alebo \u010dl. 9 ods. 2 p\u00edsm. a) Nariadenia; odvolanie s\u00fahlasu nem\u00e1 vplyv na z\u00e1konnos\u0165 sprac\u00favania osobn\u00fdch \u00fadajov zalo\u017een\u00fdch na s\u00fahlase pred jeho odvolan\u00edm.<\/li>\n<li><strong>poda\u0165 s\u0165a\u017enos\u0165 dozorov\u00e9mu org\u00e1nu<\/strong>, ktor\u00fdm je \u00darad na ochranu osobn\u00fdch \u00fadajov Slovenskej republiky, Hrani\u010dn\u00e1 12, 820 07 Bratislava, <a href=\"https:\/\/dataprotection.gov.sk\/uoou\/sk\">https:\/\/dataprotection.gov.sk\/uoou\/sk<\/a><\/li>\n<\/ul>\n<p>[\/et_pb_text][\/et_pb_column][\/et_pb_row][\/et_pb_section]<\/p>\n","protected":false},"excerpt":{"rendered":"<p>Ochrana OSOBN\u00ddCH \u00daDAJOVOCHRANA OSOBN\u00ddCH \u00daDAJOVInform\u00e1cie o\u00a0sprac\u00favan\u00ed osobn\u00fdch \u00fadajov Toto\u017enos\u0165 a\u00a0kontaktn\u00e9 \u00fadaje prev\u00e1dzkovate\u013ea PAVIJAL s.r.o.\u00a0, Sl\u00e1dkovi\u010dova 4, 974 05 Bansk\u00e1 BystricaI\u010cO: 45900965\u00a0DI\u010c: 2023123938\u00a0I\u010c DPH: SK2023123938 e-mail: magnoli@magnoli.sktel.: +421 918 990 639web: www.magnoli.sk \u00da\u010del sprac\u00favania osobn\u00fdch \u00fadajov a\u00a0pr\u00e1vny z\u00e1klad \u00da\u010delom spracovania Va\u0161ich osobn\u00fdch \u00fadajov je online objednanie sa\/ rezervovanie term\u00ednu za \u00fa\u010delom podst\u00fapenia Vami vybran\u00e9ho o\u0161etrenia. \u00da\u010delom [&hellip;]<\/p>\n","protected":false},"author":1,"featured_media":0,"parent":0,"menu_order":0,"comment_status":"closed","ping_status":"closed","template":"","meta":{"_et_pb_use_builder":"on","_et_pb_old_content":"","_et_gb_content_width":"","footnotes":""},"class_list":["post-30","page","type-page","status-publish","hentry"],"_links":{"self":[{"href":"https:\/\/www.magnoli.sk\/index.php\/wp-json\/wp\/v2\/pages\/30","targetHints":{"allow":["GET"]}}],"collection":[{"href":"https:\/\/www.magnoli.sk\/index.php\/wp-json\/wp\/v2\/pages"}],"about":[{"href":"https:\/\/www.magnoli.sk\/index.php\/wp-json\/wp\/v2\/types\/page"}],"author":[{"embeddable":true,"href":"https:\/\/www.magnoli.sk\/index.php\/wp-json\/wp\/v2\/users\/1"}],"replies":[{"embeddable":true,"href":"https:\/\/www.magnoli.sk\/index.php\/wp-json\/wp\/v2\/comments?post=30"}],"version-history":[{"count":2,"href":"https:\/\/www.magnoli.sk\/index.php\/wp-json\/wp\/v2\/pages\/30\/revisions"}],"predecessor-version":[{"id":33,"href":"https:\/\/www.magnoli.sk\/index.php\/wp-json\/wp\/v2\/pages\/30\/revisions\/33"}],"wp:attachment":[{"href":"https:\/\/www.magnoli.sk\/index.php\/wp-json\/wp\/v2\/media?parent=30"}],"curies":[{"name":"wp","href":"https:\/\/api.w.org\/{rel}","templated":true}]}}